hat is the value of 4 - (18 - -4) - (-266 - -248)?
0
What is (-4 - (66 - 29)) + 35?
-6
Calculate 170 + -164 - (0 + 6).
0
Evaluate (-6 - (60 - 23)) + 39.
-4
What is the value of -18 + 18 + -23 - -18?
-5
What is 2 + -5 + 5 + -7 + (9 - 4)?
0
Evaluate 151 + (140 - 292) + (22 - (1 + -1)).
21
Calculate (-17 - (5 + -13)) + 7.
-2
What is the value of 34 - (7 + 3) - (6 + -4 + 3)?
19
What is the value of -4 + (-10 - -13) - (1 - 7)?
5
2 - (-2 + -1 + 112 + -108)
1
Calculate -71 - -63 - (0 + -17) - 0 - 5.
4
What is (-75 - (2 - 44)) + 67?
34
What is the value of (-1 + -15 - -5) + (-100 - -85)?
-26
What is the value of 2 + 1 + -7 - (-9 + (6 - -4))?
-5
Evaluate (7 - 5) + 14 - 25.
-9
Calculate 1 + (2 - 2) + (-61 - -27 - -3).
-30
Calculate -8 + (15 - 3) - (2 + 1).
1
(11 - (-3 + 3)) + 213 + -245
-21
(4 - (1 - -3)) + 51 + -38 + 11
24
(-12 - (9 - 7)) + 4 + -1
-11
What is the value of (-10 - (-1 - 10)) + (-2 - -3 - -14)?
16
-9 + (11 - (15 - 6))
-7
What is the value of (63 + -75 - (-18 - -5)) + -29?
-28
What is the value of 16 - (-61 - -28) - 12?
37
15 - (16 + -5 - (1 - 13))
-8
Evaluate -29 + -1 + 17 - 0.
-13
12 + (-1 - 0) + 6 + -33
-16
Calculate -22 + (5 - ((-3 - -4) + -5)).
-13
Calculate (-20 - -1) + (27 - (-35 - -59)).
-16
What is (-2 - -7) + 0 + (-15 - (-56 - -27))?
19
(6 - 18) + -14 + 14
-12
Evaluate -28 + (3 - (4 + -13 - -8 - 4)).
-20
4 + (2 + 6 + 3 - 18)
-3
What is the value of -3 - -8 - (-13 + (4 - 4))?
18
2 + -4 + 3 + (-12 - -6) - -1
-4
What is 10 + 13 + 1 + -28?
-4
What is (21 - -2) + 10 - 35?
-2
Evaluate -10 + -9 + (24 - 16) + -16.
-27
What is the value of -9 + (-9 - -3 - -17) - (24 + -1)?
-21
(2 - -16) + -54 + 38
2
Evaluate -586 + 600 - (0 + 6).
8
What is -3 + 1 - -8 - 13 - (3 + 2)?
-12
Evaluate 9 + -3 - (3 - -14).
-11
Evaluate 1 + (-1 - -7) - 8 - 14.
-15
What is the value of -2 + -12 + 1 + 3?
-10
Calculate 3 + 0 + 1 - (-19 - 11 - -21).
13
Evaluate 5 - (-6 - (8 - 17) - -8).
-6
What is the value of (4 + -11 + -3 - -9) + 7 - -9?
15
Evaluate 23 + -22 + -3 + -13 - (-8 + 0).
-7
Calculate -1 + 0 + 48 + -49 + 1.
-1
(-1 - -15) + (12 - -48 - 53)
21
What is the value of -271 - -258 - (-2 - (4 - 0))?
-7
What is (-9 - (3 - 21)) + -20 - (-25 + 14)?
0
Calculate -12 + 1 - (387 + -422).
24
What is 19 + -26 - (-1 - -4) - (-15 - -10)?
-5
-44 - (21 + -4 + -32)
-29
What is the value of -1 - 23 - (-16 + 18 + -11)?
-15
Calculate 14 + (8 - (3 - -8)).
11
What is (5 + -12 - -7 - 7) + 16?
9
Calculate 3 - (1 - (-7 + 16) - 7).
18
What is (-2 - 1 - (-47 - -44)) + -11?
-11
Evaluate (-12 - -20) + -15 + (8 - 8).
-7
1 + -2 - (-369 - -384)
-16
Calculate (-4 + 21 + -23 - -55) + -14.
35
What is -7 + 35 + -30 + -32?
-34
What is the value of -29 + 27 - -2 - (22 - 2)?
-20
What is 11 + 19 + -8 + (-28 + 8 - 0)?
2
Calculate -7 - (1 + -23 - -23 - (-1 - 13)).
-22
What is the value of 13 + 4 + 0 + -21?
-4
Calculate -3 - (4 - (5 - (-10 + 8))).
0
Evaluate -11 + -1 + (292 - 292).
-12
What is the value of -8 + 1 - (176 - 198)?
15
What is the value of -16 + (-13 - (-18 - -2))?
-13
-5 + (5 + 13 - 9)
4
Evaluate -1 - (-2 + 7 + 2 + -3 - 6).
1
What is 695 + -687 + 0 + 14?
22
-2 + 13 + (11 - (7 - 8)) + -6
17
What is 4 - 2 - ((1 - (-11 + 2)) + -12)?
4
Calculate (2 - -4) + (-9 - 2) + (3 - -9).
7
What is the value of 2 - 0 - (8 - (8 + -2) - 7)?
7
What is (-2 - (-7 - -18) - -5) + 30?
22
Evaluate 1 - (2 - (4 - -5) - -3).
5
What is the value of 17 + -2 - (-44 - -50)?
9
What is 17 - (-2 - -14 - (0 + 16))?
21
Evaluate (30 - 21) + -12 + -7.
-10
Calculate 4 + (20 - (-15 + 47)).
-8
Calculate -2 + -9 + 0 + (23 - 13) + 28.
27
What is the value of -1 - -5 - (1 - (-13 + 4))?
-6
6 + (-14 - -7) + 5
4
15 - (11 - (13 + -37))
-20
What is the value of (-6 + 1 - -6) + 20 + 1 - -5?
27
What is -4 + (17 - 4) - (10 + -17)?
16
Evaluate 12 + -2 + 0 + -2 + -16 - -6.
-2
What is -19 - -12 - -6 - 7?
-8
Calculate -12 - (116 + -102 + (-11 - -1)).
-16
(0 - 2 - -4 - (18 + 4)) + 4
-16
Calculate (-4 - 10) + (-3 - -14).
-3
What is 6 + 2 + -2 + (-13 - (-22 + 23))?
-8
What is the value of -2 + -14 + -1 - (-1376 - -1382)?
-23
What is (-1 - (13 - 10)) + 10 - 11 - -4?
-1
Calculate (1 + -1 - (77 + -79)) + 8 + 4.
14
What is -7 + -28 + 196 + -131?
30
Evaluate 1 + -2 + 11 + -1 + -185 + 185.
9
What is (5 + -6 + -3 - (-8 + -1)) + -3?
2
Calculate 4 - (-1 - (-8 - 32)).
-35
What is -1 + -38 - -56 - 18?
-1
(25 - 18 - (-1 + 4)) + (16 - -3)
23
What is 15 + -16 + -5 - (-16 + (-2 - -3))?
9
(1 - 8) + 9 - 10
-8
What is 1 - 9 - (13 - (-5 + 16) - 2)?
-8
What is -29 + (14 - -4 - 18 - (0 + -4))?
-25
What is the value of (-6 - (-2 + 2)) + (93 - 108)?
-21
What is the value of (15 - -1) + -10 + -1?
5
Evaluate (-13 + 24 - -2) + -23.
-10
What is the value of (4 + -2 - 2) + 6 - 1?
5
Evaluate (-25 + 3 - 1) + -255 + 266.
-12
What is -1 + 14 + 6 + 5 + -11?
13
Calculate -17 - (-23 - -17 - -10).
-21
4 + -3 + -2 - (7 - (18 + 12))
22
14 + (18 - (-4 - -18)) - -9
27
Evaluate 54 + -8 - (6 - (-20 + 11)).
31
-2 + -4 - 0 - -17
11
8 - (20 + -4 + -1 - 8)
1
What is 18 - (1 + -37 - -68)?
-14
Evaluate 1 + 6 + (8 + -3 - (-1 + 8)).
5
0 - (-10 + 14 + (5 - 4) + -15)
10
Evaluate 31 + 5 + -26 - (-1 - -12).
-1
Calculate -10 - 0 - (94 + (-13 - 55)).
-36
Calculate -13 + (65 - 29) - (1 - -2).
20
What is -190 - -222 - (39 + -2)?
-5
(-18 + 20 - (2 - (-7 - -5))) + -26
-28
What is the value of (4 - 1) + 17 + -11?
9
What is the value of -2 - (-2 + 12 - (-7 - 6 - -4))?
-21
(6 - (4 + (-6 - -2) - 5)) + -2
9
What is -10 + 15 + -16 - (12 + -25)?
2
Evaluate -33 + 1 - (-22 + 14 + -5 + 3).
-22
What is the value of 2 - 43 - (-228 - -187)?
0
What is the value of (-40 - -1) + (-119 - -145)?
-13
(9 - (20 - 6)) + -1 + 1 + -7
-12
What is the value of 8 + 4 + -2 + -2 + -7?
1
Evaluate -9 + (5 - -3) + 14 - (-7 - 2).
22
What is the value of -8 + 0 + (35 - (2 - -16)) + -23?
-14
What is -4 - 5 - 5 - (12 - 8)?
-18
(-39 + 6 - -4) + 11
-18
Calculate -1 + (-5 + 1 - -1) + (330 - 321).
5
Calculate -32 + (-5 + 5 - -17).
-15
What is 3 + 2 - (-127 + 147)?
-15
Evaluate -6 + (1 - 5) + -2 + (2 - 3).
-13
Evaluate 13 - (-2 + 5) - (43 - 43).
10
8 + -4 + (-9 - (-15 - -5 - -2))
3
What is the value of -8 + 9 + -14 + 11?
-2
Calculate 22 + -6 + -12 - (39 + 1).
-36
What is the value of (1 - (-1 - 16)) + -6061 + 6063?
20
Calculate -8 + (-1 - 1) + (16 - 17).
-11
Calculate (0 - (0 - (5 + -1)) - 0) + -5.
-1
What is the value of 1 + 15 + -1 + (-142 - -138)?
11
Evaluate 7 + (6 - (-4 + 13)).
4
What is -116 - -107 - ((-2 - -7) + (0 - 2))?
-12
Evaluate -6 + 2 + -3 - (-49 - -59).
-17
-4 - (0 + 3 + 2 + 0)
-9
Evaluate 0 + 19 + 4 - -1 - 7.
17
-29 - (3 - (-17 + (1 - -30)))
-18
What is (0 - (-1 + 7) - -1) + -18 + -1?
-24
What is the value of 4 - 0 - ((-194 - -209) + -15 + -2)?
6
Evaluate 36 - (26 + 9 + 24).
-23
Calculate -6 + 4 + (-5 - 4) - (-13 + 7).
-5
Calculate -18 + 15 - (7 - 7).
-3
What is 0 - (-4 + 23) - -20?
1
What is (22 - 0) + 93 + -97?
18
What is the value of 44 - (9 - (-10 + -4))?
21
What is 0 + 0 + 1 - (42 + 2 - 42)?
-1
What is 2 - -1 - (0 + -6 + (2 - -1))?
6
Calculate (17 - 13) + (-4 - -7 - (1 + -1)).
7
What is 2 + -13 + -5 + 7 - (-8 + 12)?
-13
(9 - 15) + (12 - 9) + (-9 - -1)
-11
Evaluate 2 + (18 + -6 - (3 - -9)).
2
What is the value of (-3 - -7) + (3 - (9 - -4))?
-6
(42 - (5 - -9)) + -9 + 0
19
(271 - 281) + 2 + -7 + -1
-16
Calculate -14 + -1 - ((3 - 16) + 5).
-7
What is the value of -19 + 6 - -33 - 19?
1
Evaluate 33 - (-6 + 15 + (-6 - 10)).
40
What is (4 - -9 - (64 - 66)) + (2 - 2)?
15
What is the value of 10 - (-109 + 121 + 0 + -10)?
8
What is the value of 3 - (1 + -7 - (-7 - -1)) - -5?
8
-23 + (-4 - -24) + -6
-9
-40 - (21 - 65) - (8 - 1)
-3
What is the value of (21 - 0 - 10) + -32?
-21
Evaluate 24 - (5 + (15 - (11 + 0))).
15
Calculate 4 + 1 + -21 + 4 + 20.
8
What is the value of -5 - (35 + -11 - (7 + 4))?
-18
What is the value of (2 - -14) + (8 - 49)?
-25
Calculate 22 + -3 + 3 + -19 + 19 + -6.
16
Calculate (70 - 58) + (0 - 9) + -19.
-16
What is (-8 - 48) + (-150 - -187)?
-19
What is the value of -18 + 24 + (-7 - 1)?
-2
What is -11 - (9 + -7 + 7 - 3)?
-17
Evaluate 22 - (-48 - -67 - (21 + 3)).
27
What is the value of 0 + 1 + (-146 - -133) + (1 - -14)?
3
What is -12 - (-1 + 10 + -9 + -5)?
-7
Calculate 12 + (1 - (-4 + 11)).
6
Evaluate 539 + -517 - (0 + -4).
26
-19 + 19 + (0 - -8)
8
What is -22 + -50 + 61 + (0 - -1) + 28?
18
Evaluate -8 + (3 - -1) +